{"id":45,"date":"2013-09-01T18:28:03","date_gmt":"2013-09-01T18:28:03","guid":{"rendered":"http:\/\/www.toloji.org.br\/renato\/?page_id=45"},"modified":"2019-10-29T16:39:59","modified_gmt":"2019-10-29T16:39:59","slug":"objetivos","status":"publish","type":"page","link":"https:\/\/www.toloji.org.br\/instituto\/objetivos\/","title":{"rendered":"Objetivos"},"content":{"rendered":"<p>O Instituto Cultural Bab\u00e1 Toloji quer:<\/p>\n<p>Preservar a mem\u00f3ria hist\u00f3rica dos registros Afro-Brasileiros<br \/>\nIncentivar o conhecimento e aprecia\u00e7\u00e3o da Arte Africana nos seus v\u00e1rios segmentos<br \/>\nViabilizar estudos e pesquisas voltados para a Cultura Afro atrav\u00e9s de acervo pr\u00f3prio e interc\u00e2mbio com outras institui\u00e7\u00f5es<br \/>\nProduzir m\u00fasica, v\u00eddeos, publica\u00e7\u00f5es, exposi\u00e7\u00f5es, etc., que possam ser consumidos pela comunidade em geral.<\/p>\n<p>Para isso, o Instituto j\u00e1 disp\u00f5e de uma s\u00e9rie de servi\u00e7os, apresentados abaixo, e est\u00e1 e fase de estrutura\u00e7\u00e3o de projetos culturais (vide <strong>Menu &#8220;Projetos&#8221;<\/strong>).<\/p>\n","protected":false},"excerpt":{"rendered":"<p>O Instituto Cultural Bab\u00e1 Toloji quer: Preservar a mem\u00f3ria hist\u00f3rica dos registros Afro-Brasileiros Incentivar o conhecimento e aprecia\u00e7\u00e3o da Arte Africana nos seus v\u00e1rios segmentos Viabilizar estudos e pesquisas voltados <a class=\"more-link\" href=\"https:\/\/www.toloji.org.br\/instituto\/objetivos\/\">Continue Reading &rarr;<\/a><\/p>\n","protected":false},"author":1,"featured_media":0,"parent":0,"menu_order":0,"comment_status":"closed","ping_status":"open","template":"","meta":{"footnotes":""},"class_list":["post-45","page","type-page","status-publish","hentry"],"yoast_head":"<!-- This site is optimized with the Yoast SEO plugin v26.6 - https:\/\/yoast.com\/wordpress\/plugins\/seo\/ -->\n<title>Objetivos - Instituto Bab\u00e1 Toloji<\/title>\n<meta name=\"description\" content=\"Instituto Bab\u00e1 Toloji - Mem\u00f3ria e Identidade Afro, fundado em 20 de junho de 1999 por Luiz Antonio Castro de Jesus, o Babalorix\u00e1 Toloji, respons\u00e1vel pela casa de candombl\u00e9 Comunidade da Tradi\u00e7\u00e3o do Culto Afro Ilesin Ogun LaKayie Osinmole. O Instituto possui acervo variado de esculturas, m\u00e1scaras, quadros, livros e adere\u00e7os. S\u00e3o mais de 11.500 pe\u00e7as representando a riqueza da cultura africana e afro-brasileira.\" \/>\n<meta name=\"robots\" content=\"index, follow, max-snippet:-1, max-image-preview:large, max-video-preview:-1\" \/>\n<link rel=\"canonical\" href=\"https:\/\/www.toloji.org.br\/instituto\/objetivos\/\" \/>\n<meta property=\"og:locale\" content=\"pt_BR\" \/>\n<meta property=\"og:type\" content=\"article\" \/>\n<meta property=\"og:title\" content=\"Objetivos - Instituto Bab\u00e1 Toloji\" \/>\n<meta property=\"og:description\" content=\"Instituto Bab\u00e1 Toloji - Mem\u00f3ria e Identidade Afro, fundado em 20 de junho de 1999 por Luiz Antonio Castro de Jesus, o Babalorix\u00e1 Toloji, respons\u00e1vel pela casa de candombl\u00e9 Comunidade da Tradi\u00e7\u00e3o do Culto Afro Ilesin Ogun LaKayie Osinmole. O Instituto possui acervo variado de esculturas, m\u00e1scaras, quadros, livros e adere\u00e7os. S\u00e3o mais de 11.500 pe\u00e7as representando a riqueza da cultura africana e afro-brasileira.\" \/>\n<meta property=\"og:url\" content=\"https:\/\/www.toloji.org.br\/instituto\/objetivos\/\" \/>\n<meta property=\"og:site_name\" content=\"Instituto Bab\u00e1 Toloji\" \/>\n<meta property=\"article:publisher\" content=\"https:\/\/www.facebook.com\/institutoculturalbabatoloji\/\" \/>\n<meta property=\"article:modified_time\" content=\"2019-10-29T16:39:59+00:00\" \/>\n<meta name=\"twitter:card\" content=\"summary_large_image\" \/>\n<script type=\"application\/ld+json\" class=\"yoast-schema-graph\">{\"@context\":\"https:\/\/schema.org\",\"@graph\":[{\"@type\":\"WebPage\",\"@id\":\"https:\/\/www.toloji.org.br\/instituto\/objetivos\/\",\"url\":\"https:\/\/www.toloji.org.br\/instituto\/objetivos\/\",\"name\":\"Objetivos - Instituto Bab\u00e1 Toloji\",\"isPartOf\":{\"@id\":\"https:\/\/www.toloji.org.br\/instituto\/#website\"},\"datePublished\":\"2013-09-01T18:28:03+00:00\",\"dateModified\":\"2019-10-29T16:39:59+00:00\",\"description\":\"Instituto Bab\u00e1 Toloji - Mem\u00f3ria e Identidade Afro, fundado em 20 de junho de 1999 por Luiz Antonio Castro de Jesus, o Babalorix\u00e1 Toloji, respons\u00e1vel pela casa de candombl\u00e9 Comunidade da Tradi\u00e7\u00e3o do Culto Afro Ilesin Ogun LaKayie Osinmole. O Instituto possui acervo variado de esculturas, m\u00e1scaras, quadros, livros e adere\u00e7os. S\u00e3o mais de 11.500 pe\u00e7as representando a riqueza da cultura africana e afro-brasileira.\",\"breadcrumb\":{\"@id\":\"https:\/\/www.toloji.org.br\/instituto\/objetivos\/#breadcrumb\"},\"inLanguage\":\"pt-BR\",\"potentialAction\":[{\"@type\":\"ReadAction\",\"target\":[\"https:\/\/www.toloji.org.br\/instituto\/objetivos\/\"]}]},{\"@type\":\"BreadcrumbList\",\"@id\":\"https:\/\/www.toloji.org.br\/instituto\/objetivos\/#breadcrumb\",\"itemListElement\":[{\"@type\":\"ListItem\",\"position\":1,\"name\":\"In\u00edcio\",\"item\":\"https:\/\/www.toloji.org.br\/instituto\/\"},{\"@type\":\"ListItem\",\"position\":2,\"name\":\"Objetivos\"}]},{\"@type\":\"WebSite\",\"@id\":\"https:\/\/www.toloji.org.br\/instituto\/#website\",\"url\":\"https:\/\/www.toloji.org.br\/instituto\/\",\"name\":\"Instituto Bab\u00e1 Toloji\",\"description\":\"\",\"publisher\":{\"@id\":\"https:\/\/www.toloji.org.br\/instituto\/#organization\"},\"potentialAction\":[{\"@type\":\"SearchAction\",\"target\":{\"@type\":\"EntryPoint\",\"urlTemplate\":\"https:\/\/www.toloji.org.br\/instituto\/?s={search_term_string}\"},\"query-input\":{\"@type\":\"PropertyValueSpecification\",\"valueRequired\":true,\"valueName\":\"search_term_string\"}}],\"inLanguage\":\"pt-BR\"},{\"@type\":\"Organization\",\"@id\":\"https:\/\/www.toloji.org.br\/instituto\/#organization\",\"name\":\"Instituto Bab\u00e1 Toloji\",\"url\":\"https:\/\/www.toloji.org.br\/instituto\/\",\"logo\":{\"@type\":\"ImageObject\",\"inLanguage\":\"pt-BR\",\"@id\":\"https:\/\/www.toloji.org.br\/instituto\/#\/schema\/logo\/image\/\",\"url\":\"https:\/\/www.toloji.org.br\/instituto\/wp-content\/uploads\/2013\/09\/cropped-974197_3313815100704_997475440_n.jpg\",\"contentUrl\":\"https:\/\/www.toloji.org.br\/instituto\/wp-content\/uploads\/2013\/09\/cropped-974197_3313815100704_997475440_n.jpg\",\"width\":960,\"height\":356,\"caption\":\"Instituto Bab\u00e1 Toloji\"},\"image\":{\"@id\":\"https:\/\/www.toloji.org.br\/instituto\/#\/schema\/logo\/image\/\"},\"sameAs\":[\"https:\/\/www.facebook.com\/institutoculturalbabatoloji\/\"]}]}<\/script>\n<!-- \/ Yoast SEO plugin. -->","yoast_head_json":{"title":"Objetivos - Instituto Bab\u00e1 Toloji","description":"Instituto Bab\u00e1 Toloji - Mem\u00f3ria e Identidade Afro, fundado em 20 de junho de 1999 por Luiz Antonio Castro de Jesus, o Babalorix\u00e1 Toloji, respons\u00e1vel pela casa de candombl\u00e9 Comunidade da Tradi\u00e7\u00e3o do Culto Afro Ilesin Ogun LaKayie Osinmole. O Instituto possui acervo variado de esculturas, m\u00e1scaras, quadros, livros e adere\u00e7os. S\u00e3o mais de 11.500 pe\u00e7as representando a riqueza da cultura africana e afro-brasileira.","robots":{"index":"index","follow":"follow","max-snippet":"max-snippet:-1","max-image-preview":"max-image-preview:large","max-video-preview":"max-video-preview:-1"},"canonical":"https:\/\/www.toloji.org.br\/instituto\/objetivos\/","og_locale":"pt_BR","og_type":"article","og_title":"Objetivos - Instituto Bab\u00e1 Toloji","og_description":"Instituto Bab\u00e1 Toloji - Mem\u00f3ria e Identidade Afro, fundado em 20 de junho de 1999 por Luiz Antonio Castro de Jesus, o Babalorix\u00e1 Toloji, respons\u00e1vel pela casa de candombl\u00e9 Comunidade da Tradi\u00e7\u00e3o do Culto Afro Ilesin Ogun LaKayie Osinmole. O Instituto possui acervo variado de esculturas, m\u00e1scaras, quadros, livros e adere\u00e7os. S\u00e3o mais de 11.500 pe\u00e7as representando a riqueza da cultura africana e afro-brasileira.","og_url":"https:\/\/www.toloji.org.br\/instituto\/objetivos\/","og_site_name":"Instituto Bab\u00e1 Toloji","article_publisher":"https:\/\/www.facebook.com\/institutoculturalbabatoloji\/","article_modified_time":"2019-10-29T16:39:59+00:00","twitter_card":"summary_large_image","schema":{"@context":"https:\/\/schema.org","@graph":[{"@type":"WebPage","@id":"https:\/\/www.toloji.org.br\/instituto\/objetivos\/","url":"https:\/\/www.toloji.org.br\/instituto\/objetivos\/","name":"Objetivos - Instituto Bab\u00e1 Toloji","isPartOf":{"@id":"https:\/\/www.toloji.org.br\/instituto\/#website"},"datePublished":"2013-09-01T18:28:03+00:00","dateModified":"2019-10-29T16:39:59+00:00","description":"Instituto Bab\u00e1 Toloji - Mem\u00f3ria e Identidade Afro, fundado em 20 de junho de 1999 por Luiz Antonio Castro de Jesus, o Babalorix\u00e1 Toloji, respons\u00e1vel pela casa de candombl\u00e9 Comunidade da Tradi\u00e7\u00e3o do Culto Afro Ilesin Ogun LaKayie Osinmole. O Instituto possui acervo variado de esculturas, m\u00e1scaras, quadros, livros e adere\u00e7os. S\u00e3o mais de 11.500 pe\u00e7as representando a riqueza da cultura africana e afro-brasileira.","breadcrumb":{"@id":"https:\/\/www.toloji.org.br\/instituto\/objetivos\/#breadcrumb"},"inLanguage":"pt-BR","potentialAction":[{"@type":"ReadAction","target":["https:\/\/www.toloji.org.br\/instituto\/objetivos\/"]}]},{"@type":"BreadcrumbList","@id":"https:\/\/www.toloji.org.br\/instituto\/objetivos\/#breadcrumb","itemListElement":[{"@type":"ListItem","position":1,"name":"In\u00edcio","item":"https:\/\/www.toloji.org.br\/instituto\/"},{"@type":"ListItem","position":2,"name":"Objetivos"}]},{"@type":"WebSite","@id":"https:\/\/www.toloji.org.br\/instituto\/#website","url":"https:\/\/www.toloji.org.br\/instituto\/","name":"Instituto Bab\u00e1 Toloji","description":"","publisher":{"@id":"https:\/\/www.toloji.org.br\/instituto\/#organization"},"potentialAction":[{"@type":"SearchAction","target":{"@type":"EntryPoint","urlTemplate":"https:\/\/www.toloji.org.br\/instituto\/?s={search_term_string}"},"query-input":{"@type":"PropertyValueSpecification","valueRequired":true,"valueName":"search_term_string"}}],"inLanguage":"pt-BR"},{"@type":"Organization","@id":"https:\/\/www.toloji.org.br\/instituto\/#organization","name":"Instituto Bab\u00e1 Toloji","url":"https:\/\/www.toloji.org.br\/instituto\/","logo":{"@type":"ImageObject","inLanguage":"pt-BR","@id":"https:\/\/www.toloji.org.br\/instituto\/#\/schema\/logo\/image\/","url":"https:\/\/www.toloji.org.br\/instituto\/wp-content\/uploads\/2013\/09\/cropped-974197_3313815100704_997475440_n.jpg","contentUrl":"https:\/\/www.toloji.org.br\/instituto\/wp-content\/uploads\/2013\/09\/cropped-974197_3313815100704_997475440_n.jpg","width":960,"height":356,"caption":"Instituto Bab\u00e1 Toloji"},"image":{"@id":"https:\/\/www.toloji.org.br\/instituto\/#\/schema\/logo\/image\/"},"sameAs":["https:\/\/www.facebook.com\/institutoculturalbabatoloji\/"]}]}},"_links":{"self":[{"href":"https:\/\/www.toloji.org.br\/instituto\/wp-json\/wp\/v2\/pages\/45","targetHints":{"allow":["GET"]}}],"collection":[{"href":"https:\/\/www.toloji.org.br\/instituto\/wp-json\/wp\/v2\/pages"}],"about":[{"href":"https:\/\/www.toloji.org.br\/instituto\/wp-json\/wp\/v2\/types\/page"}],"author":[{"embeddable":true,"href":"https:\/\/www.toloji.org.br\/instituto\/wp-json\/wp\/v2\/users\/1"}],"replies":[{"embeddable":true,"href":"https:\/\/www.toloji.org.br\/instituto\/wp-json\/wp\/v2\/comments?post=45"}],"version-history":[{"count":3,"href":"https:\/\/www.toloji.org.br\/instituto\/wp-json\/wp\/v2\/pages\/45\/revisions"}],"predecessor-version":[{"id":473,"href":"https:\/\/www.toloji.org.br\/instituto\/wp-json\/wp\/v2\/pages\/45\/revisions\/473"}],"wp:attachment":[{"href":"https:\/\/www.toloji.org.br\/instituto\/wp-json\/wp\/v2\/media?parent=45"}],"curies":[{"name":"wp","href":"https:\/\/api.w.org\/{rel}","templated":true}]}}