{"id":72,"date":"2013-09-01T18:48:32","date_gmt":"2013-09-01T18:48:32","guid":{"rendered":"http:\/\/www.toloji.org.br\/renato\/?page_id=72"},"modified":"2019-10-29T14:45:24","modified_gmt":"2019-10-29T14:45:24","slug":"cultura-negra-e-cidadania","status":"publish","type":"page","link":"https:\/\/www.toloji.org.br\/instituto\/cultura-negra-e-cidadania\/","title":{"rendered":"Cultura Negra e Cidadania"},"content":{"rendered":"<p>Curso dirigido aos professores da Rede Municipal\/Estadual de ensino de Campinas e aos demais interessados, cujo conte\u00fado abordar\u00e1 aspectos da cultura negra e sua rela\u00e7\u00e3o com nossa forma\u00e7\u00e3o cidad\u00e3.<\/p>\n<p>No Brasil, historicamente n\u00e3o se verificou um sistema polarizado de classifica\u00e7\u00e3o racial entretanto, no cotidiano verificamos in\u00fameros &#8220;mal entendidos&#8221;, suscitados a partir do conflito entre brancos e negros por igualdades de direitos, respeito m\u00fatuo e acesso aos bens socialmente produzidos.<\/p>\n<p>Conclu\u00ed-se que uma das raz\u00f5es da manuten\u00e7\u00e3o deste tipo de comportamento se d\u00e1 em consequ\u00eancia da desinforma\u00e7\u00e3o sobre os variados aspectos da cultura negra: religi\u00e3o, sa\u00fade, m\u00fasica e a nossa pr\u00f3pria hist\u00f3ria respons\u00e1vel pela identidade da na\u00e7\u00e3o brasileira. \u00c9 tentando contribuir para que este quadro de ignor\u00e2ncia se atenue que o Instituto est\u00e1 em fase de estrutura\u00e7\u00e3o e capta\u00e7\u00e3o de recursos para a realiza\u00e7\u00e3o do curso que ser\u00e1 desenvolvido atrav\u00e9s de m\u00f3dulos tem\u00e1ticos<\/p>\n<p>Envie-nos um <a href=\"mailto:toloji@toloji.org.br\">E-MAIL<\/a> solicitando o programa completo do curso.<\/p>\n","protected":false},"excerpt":{"rendered":"<p>Curso dirigido aos professores da Rede Municipal\/Estadual de ensino de Campinas e aos demais interessados, cujo conte\u00fado abordar\u00e1 aspectos da cultura negra e sua rela\u00e7\u00e3o com nossa forma\u00e7\u00e3o cidad\u00e3. No <a class=\"more-link\" href=\"https:\/\/www.toloji.org.br\/instituto\/cultura-negra-e-cidadania\/\">Continue Reading &rarr;<\/a><\/p>\n","protected":false},"author":1,"featured_media":0,"parent":0,"menu_order":0,"comment_status":"closed","ping_status":"open","template":"","meta":{"footnotes":""},"class_list":["post-72","page","type-page","status-publish","hentry"],"yoast_head":"<!-- This site is optimized with the Yoast SEO plugin v26.6 - https:\/\/yoast.com\/wordpress\/plugins\/seo\/ -->\n<title>Cultura Negra e Cidadania - Instituto Bab\u00e1 Toloji<\/title>\n<meta name=\"robots\" content=\"index, follow, max-snippet:-1, max-image-preview:large, max-video-preview:-1\" \/>\n<link rel=\"canonical\" href=\"https:\/\/www.toloji.org.br\/instituto\/cultura-negra-e-cidadania\/\" \/>\n<meta property=\"og:locale\" content=\"pt_BR\" \/>\n<meta property=\"og:type\" content=\"article\" \/>\n<meta property=\"og:title\" content=\"Cultura Negra e Cidadania - Instituto Bab\u00e1 Toloji\" \/>\n<meta property=\"og:description\" content=\"Curso dirigido aos professores da Rede Municipal\/Estadual de ensino de Campinas e aos demais interessados, cujo conte\u00fado abordar\u00e1 aspectos da cultura negra e sua rela\u00e7\u00e3o com nossa forma\u00e7\u00e3o cidad\u00e3. No Continue Reading &rarr;\" \/>\n<meta property=\"og:url\" content=\"https:\/\/www.toloji.org.br\/instituto\/cultura-negra-e-cidadania\/\" \/>\n<meta property=\"og:site_name\" content=\"Instituto Bab\u00e1 Toloji\" \/>\n<meta property=\"article:publisher\" content=\"https:\/\/www.facebook.com\/institutoculturalbabatoloji\/\" \/>\n<meta property=\"article:modified_time\" content=\"2019-10-29T14:45:24+00:00\" \/>\n<meta name=\"twitter:card\" content=\"summary_large_image\" \/>\n<meta name=\"twitter:label1\" content=\"Est. tempo de leitura\" \/>\n\t<meta name=\"twitter:data1\" content=\"1 minuto\" \/>\n<script type=\"application\/ld+json\" class=\"yoast-schema-graph\">{\"@context\":\"https:\/\/schema.org\",\"@graph\":[{\"@type\":\"WebPage\",\"@id\":\"https:\/\/www.toloji.org.br\/instituto\/cultura-negra-e-cidadania\/\",\"url\":\"https:\/\/www.toloji.org.br\/instituto\/cultura-negra-e-cidadania\/\",\"name\":\"Cultura Negra e Cidadania - Instituto Bab\u00e1 Toloji\",\"isPartOf\":{\"@id\":\"https:\/\/www.toloji.org.br\/instituto\/#website\"},\"datePublished\":\"2013-09-01T18:48:32+00:00\",\"dateModified\":\"2019-10-29T14:45:24+00:00\",\"breadcrumb\":{\"@id\":\"https:\/\/www.toloji.org.br\/instituto\/cultura-negra-e-cidadania\/#breadcrumb\"},\"inLanguage\":\"pt-BR\",\"potentialAction\":[{\"@type\":\"ReadAction\",\"target\":[\"https:\/\/www.toloji.org.br\/instituto\/cultura-negra-e-cidadania\/\"]}]},{\"@type\":\"BreadcrumbList\",\"@id\":\"https:\/\/www.toloji.org.br\/instituto\/cultura-negra-e-cidadania\/#breadcrumb\",\"itemListElement\":[{\"@type\":\"ListItem\",\"position\":1,\"name\":\"In\u00edcio\",\"item\":\"https:\/\/www.toloji.org.br\/instituto\/\"},{\"@type\":\"ListItem\",\"position\":2,\"name\":\"Cultura Negra e Cidadania\"}]},{\"@type\":\"WebSite\",\"@id\":\"https:\/\/www.toloji.org.br\/instituto\/#website\",\"url\":\"https:\/\/www.toloji.org.br\/instituto\/\",\"name\":\"Instituto Bab\u00e1 Toloji\",\"description\":\"\",\"publisher\":{\"@id\":\"https:\/\/www.toloji.org.br\/instituto\/#organization\"},\"potentialAction\":[{\"@type\":\"SearchAction\",\"target\":{\"@type\":\"EntryPoint\",\"urlTemplate\":\"https:\/\/www.toloji.org.br\/instituto\/?s={search_term_string}\"},\"query-input\":{\"@type\":\"PropertyValueSpecification\",\"valueRequired\":true,\"valueName\":\"search_term_string\"}}],\"inLanguage\":\"pt-BR\"},{\"@type\":\"Organization\",\"@id\":\"https:\/\/www.toloji.org.br\/instituto\/#organization\",\"name\":\"Instituto Bab\u00e1 Toloji\",\"url\":\"https:\/\/www.toloji.org.br\/instituto\/\",\"logo\":{\"@type\":\"ImageObject\",\"inLanguage\":\"pt-BR\",\"@id\":\"https:\/\/www.toloji.org.br\/instituto\/#\/schema\/logo\/image\/\",\"url\":\"https:\/\/www.toloji.org.br\/instituto\/wp-content\/uploads\/2013\/09\/cropped-974197_3313815100704_997475440_n.jpg\",\"contentUrl\":\"https:\/\/www.toloji.org.br\/instituto\/wp-content\/uploads\/2013\/09\/cropped-974197_3313815100704_997475440_n.jpg\",\"width\":960,\"height\":356,\"caption\":\"Instituto Bab\u00e1 Toloji\"},\"image\":{\"@id\":\"https:\/\/www.toloji.org.br\/instituto\/#\/schema\/logo\/image\/\"},\"sameAs\":[\"https:\/\/www.facebook.com\/institutoculturalbabatoloji\/\"]}]}<\/script>\n<!-- \/ Yoast SEO plugin. -->","yoast_head_json":{"title":"Cultura Negra e Cidadania - Instituto Bab\u00e1 Toloji","robots":{"index":"index","follow":"follow","max-snippet":"max-snippet:-1","max-image-preview":"max-image-preview:large","max-video-preview":"max-video-preview:-1"},"canonical":"https:\/\/www.toloji.org.br\/instituto\/cultura-negra-e-cidadania\/","og_locale":"pt_BR","og_type":"article","og_title":"Cultura Negra e Cidadania - Instituto Bab\u00e1 Toloji","og_description":"Curso dirigido aos professores da Rede Municipal\/Estadual de ensino de Campinas e aos demais interessados, cujo conte\u00fado abordar\u00e1 aspectos da cultura negra e sua rela\u00e7\u00e3o com nossa forma\u00e7\u00e3o cidad\u00e3. No Continue Reading &rarr;","og_url":"https:\/\/www.toloji.org.br\/instituto\/cultura-negra-e-cidadania\/","og_site_name":"Instituto Bab\u00e1 Toloji","article_publisher":"https:\/\/www.facebook.com\/institutoculturalbabatoloji\/","article_modified_time":"2019-10-29T14:45:24+00:00","twitter_card":"summary_large_image","twitter_misc":{"Est. tempo de leitura":"1 minuto"},"schema":{"@context":"https:\/\/schema.org","@graph":[{"@type":"WebPage","@id":"https:\/\/www.toloji.org.br\/instituto\/cultura-negra-e-cidadania\/","url":"https:\/\/www.toloji.org.br\/instituto\/cultura-negra-e-cidadania\/","name":"Cultura Negra e Cidadania - Instituto Bab\u00e1 Toloji","isPartOf":{"@id":"https:\/\/www.toloji.org.br\/instituto\/#website"},"datePublished":"2013-09-01T18:48:32+00:00","dateModified":"2019-10-29T14:45:24+00:00","breadcrumb":{"@id":"https:\/\/www.toloji.org.br\/instituto\/cultura-negra-e-cidadania\/#breadcrumb"},"inLanguage":"pt-BR","potentialAction":[{"@type":"ReadAction","target":["https:\/\/www.toloji.org.br\/instituto\/cultura-negra-e-cidadania\/"]}]},{"@type":"BreadcrumbList","@id":"https:\/\/www.toloji.org.br\/instituto\/cultura-negra-e-cidadania\/#breadcrumb","itemListElement":[{"@type":"ListItem","position":1,"name":"In\u00edcio","item":"https:\/\/www.toloji.org.br\/instituto\/"},{"@type":"ListItem","position":2,"name":"Cultura Negra e Cidadania"}]},{"@type":"WebSite","@id":"https:\/\/www.toloji.org.br\/instituto\/#website","url":"https:\/\/www.toloji.org.br\/instituto\/","name":"Instituto Bab\u00e1 Toloji","description":"","publisher":{"@id":"https:\/\/www.toloji.org.br\/instituto\/#organization"},"potentialAction":[{"@type":"SearchAction","target":{"@type":"EntryPoint","urlTemplate":"https:\/\/www.toloji.org.br\/instituto\/?s={search_term_string}"},"query-input":{"@type":"PropertyValueSpecification","valueRequired":true,"valueName":"search_term_string"}}],"inLanguage":"pt-BR"},{"@type":"Organization","@id":"https:\/\/www.toloji.org.br\/instituto\/#organization","name":"Instituto Bab\u00e1 Toloji","url":"https:\/\/www.toloji.org.br\/instituto\/","logo":{"@type":"ImageObject","inLanguage":"pt-BR","@id":"https:\/\/www.toloji.org.br\/instituto\/#\/schema\/logo\/image\/","url":"https:\/\/www.toloji.org.br\/instituto\/wp-content\/uploads\/2013\/09\/cropped-974197_3313815100704_997475440_n.jpg","contentUrl":"https:\/\/www.toloji.org.br\/instituto\/wp-content\/uploads\/2013\/09\/cropped-974197_3313815100704_997475440_n.jpg","width":960,"height":356,"caption":"Instituto Bab\u00e1 Toloji"},"image":{"@id":"https:\/\/www.toloji.org.br\/instituto\/#\/schema\/logo\/image\/"},"sameAs":["https:\/\/www.facebook.com\/institutoculturalbabatoloji\/"]}]}},"_links":{"self":[{"href":"https:\/\/www.toloji.org.br\/instituto\/wp-json\/wp\/v2\/pages\/72","targetHints":{"allow":["GET"]}}],"collection":[{"href":"https:\/\/www.toloji.org.br\/instituto\/wp-json\/wp\/v2\/pages"}],"about":[{"href":"https:\/\/www.toloji.org.br\/instituto\/wp-json\/wp\/v2\/types\/page"}],"author":[{"embeddable":true,"href":"https:\/\/www.toloji.org.br\/instituto\/wp-json\/wp\/v2\/users\/1"}],"replies":[{"embeddable":true,"href":"https:\/\/www.toloji.org.br\/instituto\/wp-json\/wp\/v2\/comments?post=72"}],"version-history":[{"count":11,"href":"https:\/\/www.toloji.org.br\/instituto\/wp-json\/wp\/v2\/pages\/72\/revisions"}],"predecessor-version":[{"id":506,"href":"https:\/\/www.toloji.org.br\/instituto\/wp-json\/wp\/v2\/pages\/72\/revisions\/506"}],"wp:attachment":[{"href":"https:\/\/www.toloji.org.br\/instituto\/wp-json\/wp\/v2\/media?parent=72"}],"curies":[{"name":"wp","href":"https:\/\/api.w.org\/{rel}","templated":true}]}}

<p>Curso dirigido aos professores da Rede Municipal/Estadual de ensino de Campinas e aos demais interessados, cujo conteúdo abordará aspectos da cultura negra e sua relação com nossa formação cidadã.</p>
<p>No Brasil, historicamente não se verificou um sistema polarizado de classificação racial entretanto, no cotidiano verificamos inúmeros &#8220;mal entendidos&#8221;, suscitados a partir do conflito entre brancos e negros por igualdades de direitos, respeito mútuo e acesso aos bens socialmente produzidos.</p>
<p>Concluí-se que uma das razões da manutenção deste tipo de comportamento se dá em consequência da desinformação sobre os variados aspectos da cultura negra: religião, saúde, música e a nossa própria história responsável pela identidade da nação brasileira. É tentando contribuir para que este quadro de ignorância se atenue que o Instituto está em fase de estruturação e captação de recursos para a realização do curso que será desenvolvido através de módulos temáticos</p>
<p>Envie-nos um <a href="mailto:toloji@toloji.org.br">E-MAIL</a> solicitando o programa completo do curso.</p>

<p>Curso dirigido aos professores da Rede Municipal/Estadual de ensino de Campinas e aos demais interessados, cujo conteúdo abordará aspectos da cultura negra e sua relação com nossa formação cidadã. No <a class="more-link" href="https://www.toloji.org.br/instituto/cultura-negra-e-cidadania/">Continue Reading &rarr;</a></p>

<!-- This site is optimized with the Yoast SEO plugin v26.6 - https://yoast.com/wordpress/plugins/seo/ -->
<title>Cultura Negra e Cidadania - Instituto Babá Toloji</title>
<meta name="robots" content="index, follow, max-snippet:-1, max-image-preview:large, max-video-preview:-1" />
<link rel="canonical" href="https://www.toloji.org.br/instituto/cultura-negra-e-cidadania/" />
<meta property="og:locale" content="pt_BR" />
<meta property="og:type" content="article" />
<meta property="og:title" content="Cultura Negra e Cidadania - Instituto Babá Toloji" />
<meta property="og:description" content="Curso dirigido aos professores da Rede Municipal/Estadual de ensino de Campinas e aos demais interessados, cujo conteúdo abordará aspectos da cultura negra e sua relação com nossa formação cidadã. No Continue Reading &rarr;" />
<meta property="og:url" content="https://www.toloji.org.br/instituto/cultura-negra-e-cidadania/" />
<meta property="og:site_name" content="Instituto Babá Toloji" />
<meta property="article:publisher" content="https://www.facebook.com/institutoculturalbabatoloji/" />
<meta property="article:modified_time" content="2019-10-29T14:45:24+00:00" />
<meta name="twitter:card" content="summary_large_image" />
<meta name="twitter:label1" content="Est. tempo de leitura" />
	<meta name="twitter:data1" content="1 minuto" />
<script type="application/ld+json" class="yoast-schema-graph">{"@context":"https://schema.org","@graph":[{"@type":"WebPage","@id":"https://www.toloji.org.br/instituto/cultura-negra-e-cidadania/","url":"https://www.toloji.org.br/instituto/cultura-negra-e-cidadania/","name":"Cultura Negra e Cidadania - Instituto Babá Toloji","isPartOf":{"@id":"https://www.toloji.org.br/instituto/#website"},"datePublished":"2013-09-01T18:48:32+00:00","dateModified":"2019-10-29T14:45:24+00:00","breadcrumb":{"@id":"https://www.toloji.org.br/instituto/cultura-negra-e-cidadania/#breadcrumb"},"inLanguage":"pt-BR","potentialAction":[{"@type":"ReadAction","target":["https://www.toloji.org.br/instituto/cultura-negra-e-cidadania/"]}]},{"@type":"BreadcrumbList","@id":"https://www.toloji.org.br/instituto/cultura-negra-e-cidadania/#breadcrumb","itemListElement":[{"@type":"ListItem","position":1,"name":"Início","item":"https://www.toloji.org.br/instituto/"},{"@type":"ListItem","position":2,"name":"Cultura Negra e Cidadania"}]},{"@type":"WebSite","@id":"https://www.toloji.org.br/instituto/#website","url":"https://www.toloji.org.br/instituto/","name":"Instituto Babá Toloji","description":"","publisher":{"@id":"https://www.toloji.org.br/instituto/#organization"},"potentialAction":[{"@type":"SearchAction","target":{"@type":"EntryPoint","urlTemplate":"https://www.toloji.org.br/instituto/?s={search_term_string}"},"query-input":{"@type":"PropertyValueSpecification","valueRequired":true,"valueName":"search_term_string"}}],"inLanguage":"pt-BR"},{"@type":"Organization","@id":"https://www.toloji.org.br/instituto/#organization","name":"Instituto Babá Toloji","url":"https://www.toloji.org.br/instituto/","logo":{"@type":"ImageObject","inLanguage":"pt-BR","@id":"https://www.toloji.org.br/instituto/#/schema/logo/image/","url":"https://www.toloji.org.br/instituto/wp-content/uploads/2013/09/cropped-974197_3313815100704_997475440_n.jpg","contentUrl":"https://www.toloji.org.br/instituto/wp-content/uploads/2013/09/cropped-974197_3313815100704_997475440_n.jpg","width":960,"height":356,"caption":"Instituto Babá Toloji"},"image":{"@id":"https://www.toloji.org.br/instituto/#/schema/logo/image/"},"sameAs":["https://www.facebook.com/institutoculturalbabatoloji/"]}]}</script>
<!-- / Yoast SEO plugin. -->

Cultura Negra e Cidadania - Instituto Babá Toloji

Curso dirigido aos professores da Rede Municipal/Estadual de ensino de Campinas e aos demais interessados, cujo conteúdo abordará aspectos da cultura negra e sua relação com nossa formação cidadã. No Continue Reading &rarr;

Instituto Babá Toloji

Início
