{"id":76,"date":"2013-09-01T18:50:38","date_gmt":"2013-09-01T18:50:38","guid":{"rendered":"http:\/\/www.toloji.org.br\/renato\/?page_id=76"},"modified":"2019-10-29T16:36:53","modified_gmt":"2019-10-29T16:36:53","slug":"pesquisa-e-organizacao-do-acervo","status":"publish","type":"page","link":"https:\/\/www.toloji.org.br\/instituto\/pesquisa-e-organizacao-do-acervo\/","title":{"rendered":"Pesquisa e Organiza\u00e7\u00e3o do acervo"},"content":{"rendered":"<p>As quase 11.500 pe\u00e7as do acervo do Instituto Cultural Bab\u00e1 Toloji ainda n\u00e3o disp\u00f5em de metodologia museol\u00f3gica de identifica\u00e7\u00e3o e tombamento. O projeto de pesquisa e organiza\u00e7\u00e3o ir\u00e1 reunir profissionais em museologia, arquivologia e antropologia para catalogar as pe\u00e7as, criar sistemas de inclus\u00e3o e pesquisa informatizada, rotinas operacionais de acervo e servi\u00e7os museol\u00f3gicos, etc.<\/p>\n<p>Com a organiza\u00e7\u00e3o conclu\u00edda ser\u00e1 poss\u00edvel aumentar a demanda por pesquisa em cultura afro, oriundas n\u00e3o s\u00f3 da regi\u00e3o de Campinas mas em todo o mundo a partir da disponibiliza\u00e7\u00e3o do resultado via Internet.<\/p>\n","protected":false},"excerpt":{"rendered":"<p>As quase 11.500 pe\u00e7as do acervo do Instituto Cultural Bab\u00e1 Toloji ainda n\u00e3o disp\u00f5em de metodologia museol\u00f3gica de identifica\u00e7\u00e3o e tombamento. O projeto de pesquisa e organiza\u00e7\u00e3o ir\u00e1 reunir profissionais <a class=\"more-link\" href=\"https:\/\/www.toloji.org.br\/instituto\/pesquisa-e-organizacao-do-acervo\/\">Continue Reading &rarr;<\/a><\/p>\n","protected":false},"author":1,"featured_media":0,"parent":0,"menu_order":0,"comment_status":"closed","ping_status":"open","template":"","meta":{"footnotes":""},"class_list":["post-76","page","type-page","status-publish","hentry"],"yoast_head":"<!-- This site is optimized with the Yoast SEO plugin v26.6 - https:\/\/yoast.com\/wordpress\/plugins\/seo\/ -->\n<title>Pesquisa e Organiza\u00e7\u00e3o do acervo - Instituto Bab\u00e1 Toloji<\/title>\n<meta name=\"robots\" content=\"index, nofollow, max-snippet:-1, max-image-preview:large, max-video-preview:-1\" \/>\n<link rel=\"canonical\" href=\"https:\/\/www.toloji.org.br\/instituto\/pesquisa-e-organizacao-do-acervo\/\" \/>\n<meta property=\"og:locale\" content=\"pt_BR\" \/>\n<meta property=\"og:type\" content=\"article\" \/>\n<meta property=\"og:title\" content=\"Pesquisa e Organiza\u00e7\u00e3o do acervo - Instituto Bab\u00e1 Toloji\" \/>\n<meta property=\"og:description\" content=\"As quase 11.500 pe\u00e7as do acervo do Instituto Cultural Bab\u00e1 Toloji ainda n\u00e3o disp\u00f5em de metodologia museol\u00f3gica de identifica\u00e7\u00e3o e tombamento. O projeto de pesquisa e organiza\u00e7\u00e3o ir\u00e1 reunir profissionais Continue Reading &rarr;\" \/>\n<meta property=\"og:url\" content=\"https:\/\/www.toloji.org.br\/instituto\/pesquisa-e-organizacao-do-acervo\/\" \/>\n<meta property=\"og:site_name\" content=\"Instituto Bab\u00e1 Toloji\" \/>\n<meta property=\"article:publisher\" content=\"https:\/\/www.facebook.com\/institutoculturalbabatoloji\/\" \/>\n<meta property=\"article:modified_time\" content=\"2019-10-29T16:36:53+00:00\" \/>\n<meta name=\"twitter:card\" content=\"summary_large_image\" \/>\n<meta name=\"twitter:label1\" content=\"Est. tempo de leitura\" \/>\n\t<meta name=\"twitter:data1\" content=\"1 minuto\" \/>\n<script type=\"application\/ld+json\" class=\"yoast-schema-graph\">{\"@context\":\"https:\/\/schema.org\",\"@graph\":[{\"@type\":\"WebPage\",\"@id\":\"https:\/\/www.toloji.org.br\/instituto\/pesquisa-e-organizacao-do-acervo\/\",\"url\":\"https:\/\/www.toloji.org.br\/instituto\/pesquisa-e-organizacao-do-acervo\/\",\"name\":\"Pesquisa e Organiza\u00e7\u00e3o do acervo - Instituto Bab\u00e1 Toloji\",\"isPartOf\":{\"@id\":\"https:\/\/www.toloji.org.br\/instituto\/#website\"},\"datePublished\":\"2013-09-01T18:50:38+00:00\",\"dateModified\":\"2019-10-29T16:36:53+00:00\",\"breadcrumb\":{\"@id\":\"https:\/\/www.toloji.org.br\/instituto\/pesquisa-e-organizacao-do-acervo\/#breadcrumb\"},\"inLanguage\":\"pt-BR\",\"potentialAction\":[{\"@type\":\"ReadAction\",\"target\":[\"https:\/\/www.toloji.org.br\/instituto\/pesquisa-e-organizacao-do-acervo\/\"]}]},{\"@type\":\"BreadcrumbList\",\"@id\":\"https:\/\/www.toloji.org.br\/instituto\/pesquisa-e-organizacao-do-acervo\/#breadcrumb\",\"itemListElement\":[{\"@type\":\"ListItem\",\"position\":1,\"name\":\"In\u00edcio\",\"item\":\"https:\/\/www.toloji.org.br\/instituto\/\"},{\"@type\":\"ListItem\",\"position\":2,\"name\":\"Pesquisa e Organiza\u00e7\u00e3o do acervo\"}]},{\"@type\":\"WebSite\",\"@id\":\"https:\/\/www.toloji.org.br\/instituto\/#website\",\"url\":\"https:\/\/www.toloji.org.br\/instituto\/\",\"name\":\"Instituto Bab\u00e1 Toloji\",\"description\":\"\",\"publisher\":{\"@id\":\"https:\/\/www.toloji.org.br\/instituto\/#organization\"},\"potentialAction\":[{\"@type\":\"SearchAction\",\"target\":{\"@type\":\"EntryPoint\",\"urlTemplate\":\"https:\/\/www.toloji.org.br\/instituto\/?s={search_term_string}\"},\"query-input\":{\"@type\":\"PropertyValueSpecification\",\"valueRequired\":true,\"valueName\":\"search_term_string\"}}],\"inLanguage\":\"pt-BR\"},{\"@type\":\"Organization\",\"@id\":\"https:\/\/www.toloji.org.br\/instituto\/#organization\",\"name\":\"Instituto Bab\u00e1 Toloji\",\"url\":\"https:\/\/www.toloji.org.br\/instituto\/\",\"logo\":{\"@type\":\"ImageObject\",\"inLanguage\":\"pt-BR\",\"@id\":\"https:\/\/www.toloji.org.br\/instituto\/#\/schema\/logo\/image\/\",\"url\":\"https:\/\/www.toloji.org.br\/instituto\/wp-content\/uploads\/2013\/09\/cropped-974197_3313815100704_997475440_n.jpg\",\"contentUrl\":\"https:\/\/www.toloji.org.br\/instituto\/wp-content\/uploads\/2013\/09\/cropped-974197_3313815100704_997475440_n.jpg\",\"width\":960,\"height\":356,\"caption\":\"Instituto Bab\u00e1 Toloji\"},\"image\":{\"@id\":\"https:\/\/www.toloji.org.br\/instituto\/#\/schema\/logo\/image\/\"},\"sameAs\":[\"https:\/\/www.facebook.com\/institutoculturalbabatoloji\/\"]}]}<\/script>\n<!-- \/ Yoast SEO plugin. -->","yoast_head_json":{"title":"Pesquisa e Organiza\u00e7\u00e3o do acervo - Instituto Bab\u00e1 Toloji","robots":{"index":"index","follow":"nofollow","max-snippet":"max-snippet:-1","max-image-preview":"max-image-preview:large","max-video-preview":"max-video-preview:-1"},"canonical":"https:\/\/www.toloji.org.br\/instituto\/pesquisa-e-organizacao-do-acervo\/","og_locale":"pt_BR","og_type":"article","og_title":"Pesquisa e Organiza\u00e7\u00e3o do acervo - Instituto Bab\u00e1 Toloji","og_description":"As quase 11.500 pe\u00e7as do acervo do Instituto Cultural Bab\u00e1 Toloji ainda n\u00e3o disp\u00f5em de metodologia museol\u00f3gica de identifica\u00e7\u00e3o e tombamento. O projeto de pesquisa e organiza\u00e7\u00e3o ir\u00e1 reunir profissionais Continue Reading &rarr;","og_url":"https:\/\/www.toloji.org.br\/instituto\/pesquisa-e-organizacao-do-acervo\/","og_site_name":"Instituto Bab\u00e1 Toloji","article_publisher":"https:\/\/www.facebook.com\/institutoculturalbabatoloji\/","article_modified_time":"2019-10-29T16:36:53+00:00","twitter_card":"summary_large_image","twitter_misc":{"Est. tempo de leitura":"1 minuto"},"schema":{"@context":"https:\/\/schema.org","@graph":[{"@type":"WebPage","@id":"https:\/\/www.toloji.org.br\/instituto\/pesquisa-e-organizacao-do-acervo\/","url":"https:\/\/www.toloji.org.br\/instituto\/pesquisa-e-organizacao-do-acervo\/","name":"Pesquisa e Organiza\u00e7\u00e3o do acervo - Instituto Bab\u00e1 Toloji","isPartOf":{"@id":"https:\/\/www.toloji.org.br\/instituto\/#website"},"datePublished":"2013-09-01T18:50:38+00:00","dateModified":"2019-10-29T16:36:53+00:00","breadcrumb":{"@id":"https:\/\/www.toloji.org.br\/instituto\/pesquisa-e-organizacao-do-acervo\/#breadcrumb"},"inLanguage":"pt-BR","potentialAction":[{"@type":"ReadAction","target":["https:\/\/www.toloji.org.br\/instituto\/pesquisa-e-organizacao-do-acervo\/"]}]},{"@type":"BreadcrumbList","@id":"https:\/\/www.toloji.org.br\/instituto\/pesquisa-e-organizacao-do-acervo\/#breadcrumb","itemListElement":[{"@type":"ListItem","position":1,"name":"In\u00edcio","item":"https:\/\/www.toloji.org.br\/instituto\/"},{"@type":"ListItem","position":2,"name":"Pesquisa e Organiza\u00e7\u00e3o do acervo"}]},{"@type":"WebSite","@id":"https:\/\/www.toloji.org.br\/instituto\/#website","url":"https:\/\/www.toloji.org.br\/instituto\/","name":"Instituto Bab\u00e1 Toloji","description":"","publisher":{"@id":"https:\/\/www.toloji.org.br\/instituto\/#organization"},"potentialAction":[{"@type":"SearchAction","target":{"@type":"EntryPoint","urlTemplate":"https:\/\/www.toloji.org.br\/instituto\/?s={search_term_string}"},"query-input":{"@type":"PropertyValueSpecification","valueRequired":true,"valueName":"search_term_string"}}],"inLanguage":"pt-BR"},{"@type":"Organization","@id":"https:\/\/www.toloji.org.br\/instituto\/#organization","name":"Instituto Bab\u00e1 Toloji","url":"https:\/\/www.toloji.org.br\/instituto\/","logo":{"@type":"ImageObject","inLanguage":"pt-BR","@id":"https:\/\/www.toloji.org.br\/instituto\/#\/schema\/logo\/image\/","url":"https:\/\/www.toloji.org.br\/instituto\/wp-content\/uploads\/2013\/09\/cropped-974197_3313815100704_997475440_n.jpg","contentUrl":"https:\/\/www.toloji.org.br\/instituto\/wp-content\/uploads\/2013\/09\/cropped-974197_3313815100704_997475440_n.jpg","width":960,"height":356,"caption":"Instituto Bab\u00e1 Toloji"},"image":{"@id":"https:\/\/www.toloji.org.br\/instituto\/#\/schema\/logo\/image\/"},"sameAs":["https:\/\/www.facebook.com\/institutoculturalbabatoloji\/"]}]}},"_links":{"self":[{"href":"https:\/\/www.toloji.org.br\/instituto\/wp-json\/wp\/v2\/pages\/76","targetHints":{"allow":["GET"]}}],"collection":[{"href":"https:\/\/www.toloji.org.br\/instituto\/wp-json\/wp\/v2\/pages"}],"about":[{"href":"https:\/\/www.toloji.org.br\/instituto\/wp-json\/wp\/v2\/types\/page"}],"author":[{"embeddable":true,"href":"https:\/\/www.toloji.org.br\/instituto\/wp-json\/wp\/v2\/users\/1"}],"replies":[{"embeddable":true,"href":"https:\/\/www.toloji.org.br\/instituto\/wp-json\/wp\/v2\/comments?post=76"}],"version-history":[{"count":1,"href":"https:\/\/www.toloji.org.br\/instituto\/wp-json\/wp\/v2\/pages\/76\/revisions"}],"predecessor-version":[{"id":77,"href":"https:\/\/www.toloji.org.br\/instituto\/wp-json\/wp\/v2\/pages\/76\/revisions\/77"}],"wp:attachment":[{"href":"https:\/\/www.toloji.org.br\/instituto\/wp-json\/wp\/v2\/media?parent=76"}],"curies":[{"name":"wp","href":"https:\/\/api.w.org\/{rel}","templated":true}]}}